NOAA Reports/Αναφορές NOAA

Select a Year or Month report
2017 > Jan Feb Mar Apr May Jun Jul Aug Sep Oct Nov Dec
2016 > Jan Feb Mar Apr May Jun Jul Aug Sep Oct Nov Dec
2015 > Jan Feb Mar Apr May Jun Jul Aug Sep Oct Nov Dec
2014 > Jan Feb Mar Apr May Jun Jul Aug Sep Oct Nov Dec

Report for 2017 09
                   MONTHLY CLIMATOLOGICAL SUMMARY for SEP. 2017

NAME: Hraklio-Atsalenio   CITY:    STATE:  
ELEV:    79 m  LAT:   LONG: 

                   TEMPERATURE (C), RAIN  (mm), WIND SPEED (km/hr)

                                      HEAT  COOL        AVG
    MEAN                              DEG   DEG         WIND                 DOM
DAY TEMP  HIGH   TIME   LOW    TIME   DAYS  DAYS  RAIN  SPEED HIGH   TIME    DIR
------------------------------------------------------------------------------------
 1  24.4  27.7   18:10  21.7    5:20   0.0   6.1   0.0   4.3  27.4   14:10    NW
 2  25.3  29.2   17:40  20.6    5:50   0.0   6.9   0.0   1.8  22.5   14:00    NW
 3  27.8  34.4   14:30  21.1    6:50   0.0   9.5   0.0   0.8  14.5   18:10    SW
 4  26.6  29.3   11:30  24.2   00:00   0.0   8.3   0.0   4.3  33.8   14:20    NW
 5  24.6  28.9   18:00  19.7    6:40   0.0   6.3   0.0   2.6  20.9   19:20    NW
 6  24.4  26.3   15:00  22.2   00:00   0.0   6.1   0.0   4.3  25.7   12:50    NW
 7  23.9  27.6   17:20  20.8   23:40   0.0   5.6   0.0   2.4  19.3   14:40    NW
 8  24.5  30.4   15:30  18.5    7:30   0.0   6.2   0.0   1.3  12.9   14:40    SW
 9  25.7  31.0   16:20  21.0    6:30   0.0   7.4   0.0   1.3  14.5   14:40    SW
10  26.9  31.0   17:10  23.7    2:10   0.0   8.6   0.0   1.0  14.5   11:30     E
11  27.2  32.7   22:30  21.6    6:00   0.0   8.8   0.0   2.4  25.7   21:10    SW
12  27.1  32.3    0:40  23.4   00:00   0.0   8.7   0.0   4.5  27.4   13:20    NW
13  24.8  27.7   10:40  21.1    7:00   0.0   6.5   0.0   4.8  29.0   13:10    NW
14  25.6  29.1   15:30  21.3    6:30   0.0   7.2   0.0   2.9  22.5   15:40    NW
15  24.6  27.7   11:50  20.2    6:20   0.0   6.3   0.0   3.5  24.1   19:00    NW
16  25.3  29.3   11:50  20.4    6:10   0.0   6.9   0.0   1.3  19.3   15:50    SE
17  25.3  29.8   14:50  19.8    7:20   0.0   7.0   0.0   2.1  24.1   16:50    NW
18  27.1  32.3   14:30  21.2    5:00   0.0   8.7   0.0   1.0  12.9   12:30     E
19  28.7  33.9   11:10  24.5   23:40   0.0  10.3   0.0   1.6  12.9   16:40    SW
20  27.2  32.8   13:00  23.3    6:40   0.0   8.8   0.0   1.3  20.9   15:30    SW
21  24.9  27.8   12:50  22.6   00:00   0.0   6.6   0.0   6.1  33.8   14:00     W
22  23.2  25.5   14:50  21.2    4:40   0.0   4.8   0.0   5.5  30.6   14:20    NW
23  22.6  26.9   14:20  18.3    5:20   0.0   4.2   0.0   1.9  16.1   13:40    SW
24  21.8  25.9   15:10  18.1    5:40   0.0   3.4   0.0   2.3  16.1   10:40    NW
25  22.0  26.7   17:10  17.9    6:20   0.0   3.7   0.0   2.3  16.1   12:40    SW
26  19.9  20.3    0:10  19.7    1:00   0.0   0.1   0.0   1.8   8.0    0:20    SW
27
28
29
30
-------------------------------------------------------------------------------------
    25.0  34.4     3    17.9    25     0.0 173.1   0.0   2.7  33.8     4      NW

Max >=  32.0:  6
Max <=   0.0:  0
Min <=   0.0:  0
Min <= -18.0:  0
Max Rain: 0.00 ON 01/09/17
Days of Rain: 0 (> .2 mm) 0 (> 2 mm) 0 (> 20 mm)
Heat Base:  18.3  Cool Base:  18.3  Method: Integration