NOAA Reports/Αναφορές NOAA

Select a Year or Month report
2018 > Jan Feb Mar Apr May Jun Jul Aug Sep Oct Nov Dec
2017 > Jan Feb Mar Apr May Jun Jul Aug Sep Oct Nov Dec
2016 > Jan Feb Mar Apr May Jun Jul Aug Sep Oct Nov Dec
2015 > Jan Feb Mar Apr May Jun Jul Aug Sep Oct Nov Dec
2014 > Jan Feb Mar Apr May Jun Jul Aug Sep Oct Nov Dec

Report for 2018 06
                   MONTHLY CLIMATOLOGICAL SUMMARY for DEC. 2017

NAME: Hraklio-Atsalenio   CITY:    STATE:  
ELEV:    79 m  LAT:   LONG: 

                   TEMPERATURE (C), RAIN  (mm), WIND SPEED (km/hr)

                                      HEAT  COOL        AVG
    MEAN                              DEG   DEG         WIND                 DOM
DAY TEMP  HIGH   TIME   LOW    TIME   DAYS  DAYS  RAIN  SPEED HIGH   TIME    DIR
------------------------------------------------------------------------------------
 1  18.7  21.1   12:10  17.3    0:50   0.2   0.7   0.0  11.9  48.3   20:50    SW
 2  19.6  21.4   11:40  18.6   23:30   0.0   1.2   0.0  13.8  46.7    9:10    SW
 3  19.9  23.2   14:00  18.0   22:30   0.0   1.7   0.0   9.0  38.6    5:00    SW
 4  18.2  21.2   15:20  15.4    7:30   0.7   0.6   0.0   2.7  25.7    0:20    SW
 5  14.3  16.7   13:00  10.8   23:30   4.1   0.0  12.4   5.1  29.0   22:10     W
 6  11.1  12.2   23:10   9.7    4:00   7.2   0.0   6.6   6.9  43.5    2:20    NW
 7  11.9  16.1   15:10   9.1   22:10   6.4   0.0   0.0   2.4  17.7   13:40    NW
 8  12.5  18.2   15:10   8.1    5:10   5.8   0.0   0.0   1.9   9.7   12:20    SW
 9  14.6  19.5   14:50  10.5    4:30   3.8   0.1   0.0   3.7  27.4   23:20    SW
10  16.1  19.8   15:50  13.1   00:00   2.3   0.1   0.0   4.8  38.6    3:20    SW
11  14.2  17.8   12:10  11.1    7:20   4.1   0.0   0.0   1.3  11.3    4:30    SW
12  14.3  19.0   14:10  10.8    5:40   4.1   0.1   0.0   0.8   8.0    7:50    SW
13  14.8  19.2   14:50  11.2    4:40   3.7   0.1   0.0   3.5  20.9   14:20    SW
14  15.4  21.1   15:10  11.0    7:20   3.3   0.4   0.0   2.1  25.7   13:30    SW
15  15.8  19.5   11:30  11.9    5:30   2.6   0.1   0.0   1.3  14.5   14:10    SW
16  17.4  20.6   12:40  14.5    0:20   1.2   0.3   0.0   7.2  49.9   14:30    SW
17  18.2  21.3   12:30  16.0   21:30   0.7   0.6   0.0   5.6  35.4    2:40    SW
18  15.8  18.9   12:40  13.3    8:10   2.5   0.0   0.0   1.4  17.7   15:50    SW
19  13.7  15.5   13:20  11.8    8:10   4.6   0.0   0.0   2.1  16.1   13:50    SW
20  12.3  13.3   20:20  10.9    9:40   6.1   0.0   2.0   1.0  11.3    5:00     E
21  13.9  15.3   14:00  13.0    2:20   4.4   0.0   0.0   1.9  17.7    6:50     E
22  15.3  17.9   17:00  13.4   23:00   2.9   0.0  10.4   2.6  24.1   21:20     E
23
24
25
26
27
28
29
30
31
-------------------------------------------------------------------------------------
    15.4  23.2     3     8.1     8    70.7   5.8  31.4   4.2  49.9    16      SW

Max >=  32.0:  0
Max <=   0.0:  0
Min <=   0.0:  0
Min <= -18.0:  0
Max Rain: 12.40 ON 05/12/17
Days of Rain: 4 (> .2 mm) 4 (> 2 mm) 0 (> 20 mm)
Heat Base:  18.3  Cool Base:  18.3  Method: Integration