NOAA Reports/Αναφορές NOAA

Select a Year or Month report
2017 > Jan Feb Mar Apr May Jun Jul Aug Sep Oct Nov Dec
2016 > Jan Feb Mar Apr May Jun Jul Aug Sep Oct Nov Dec
2015 > Jan Feb Mar Apr May Jun Jul Aug Sep Oct Nov Dec
2014 > Jan Feb Mar Apr May Jun Jul Aug Sep Oct Nov Dec

Report for 2017 11
                   MONTHLY CLIMATOLOGICAL SUMMARY for NOV. 2017

NAME: Hraklio-Atsalenio   CITY:    STATE:  
ELEV:    79 m  LAT:   LONG: 

                   TEMPERATURE (C), RAIN  (mm), WIND SPEED (km/hr)

                                      HEAT  COOL        AVG
    MEAN                              DEG   DEG         WIND                 DOM
DAY TEMP  HIGH   TIME   LOW    TIME   DAYS  DAYS  RAIN  SPEED HIGH   TIME    DIR
------------------------------------------------------------------------------------
 1  16.9  18.7   13:20  15.7   23:50   1.4   0.0   0.0   2.6  19.3   14:40    NW
 2  15.7  17.6   14:30  12.9   23:40   2.7   0.0   0.0   4.0  17.7    2:00    NW
 3  16.0  20.7   14:30  11.2    6:10   2.7   0.4   0.0   1.6  20.9   15:10    SW
 4  17.3  21.8   14:30  14.5    2:10   1.4   0.4   2.2   2.6  30.6   16:20    NW
 5  17.3  18.5   11:30  15.9   00:00   1.1   0.0   0.0   6.8  27.4   10:40    NW
 6  15.8  20.6   15:40  12.1    7:00   2.8   0.4   0.0   1.1  11.3   13:10    SW
 7  16.0  20.7   15:10  11.9    6:00   2.8   0.4   0.0   1.6  16.1   12:00    SW
 8  18.4  24.6   11:40  14.0    6:40   1.4   1.5   0.0   1.4  20.9   12:10    SW
 9  17.9  21.7   12:30  14.4    6:50   1.3   0.9   0.0   1.6  17.7   12:50    SW
10  17.2  21.3   14:50  13.9   23:40   1.7   0.6   0.0   1.1  11.3   12:50    SW
11  17.0  23.9   13:00  12.2    6:10   2.3   1.0   0.0   1.8  22.5   10:30    SW
12  19.2  22.0   11:30  15.8    0:10   0.2   1.1   0.0   5.5  32.2   13:00    SE
13  18.4  21.4   13:40  14.4   23:50   0.7   0.8   0.8   6.1  41.8   12:40    SW
14  18.4  23.4   14:10  13.6    3:00   1.4   1.6   0.0   4.2  27.4   14:00    SW
15  20.4  24.1   13:10  17.8    6:10   0.1   2.2   0.0   4.5  25.7   12:40    SW
16  20.7  24.6   13:20  18.5    7:10   0.0   2.3   0.0   5.6  29.0    9:20   SSE
17  19.4  23.7   13:50  16.9   21:40   0.3   1.4   0.0   3.5  24.1   11:40    SW
18  17.3  21.2   12:50  14.3    7:50   1.4   0.3   6.6   2.1  25.7   12:00    SW
19  16.7  21.8   11:50  13.4    6:50   2.2   0.6   0.2   1.9  19.3   14:50    SW
20  16.3  20.4   10:50  13.8   22:10   2.2   0.2   1.0   4.2  40.2   16:00    SW
21  14.4  15.8   13:10  13.6    7:10   2.5   0.0   0.0   8.4  30.6    3:20    NW
22
23
24
25
26
27
28
29
30
-------------------------------------------------------------------------------------
    17.5  24.6     8    11.2     3    32.8  16.2  10.8   3.4  41.8    13      SW

Max >=  32.0:  0
Max <=   0.0:  0
Min <=   0.0:  0
Min <= -18.0:  0
Max Rain: 6.60 ON 18/11/17
Days of Rain: 5 (> .2 mm) 2 (> 2 mm) 0 (> 20 mm)
Heat Base:  18.3  Cool Base:  18.3  Method: Integration